{"id":2200,"date":"2020-01-23T17:17:03","date_gmt":"2020-01-23T17:17:03","guid":{"rendered":"https:\/\/holzereck.com\/?page_id=2200"},"modified":"2025-04-23T09:50:26","modified_gmt":"2025-04-23T09:50:26","slug":"1-2-pers-zimmer","status":"publish","type":"page","link":"https:\/\/www.holzereck.com\/?page_id=2200&lang=de","title":{"rendered":"1-2 Pers Zimmer"},"content":{"rendered":"<p>Zus\u00e4tzlich vermieten wir auch ein 1-2 Pers Zimmer (Zugspitze) von ca. 18m\u00b2 ohne Verpflegung.<\/p>\n<p>Das Zimmer kann wie 2. Schlafzimmer zu den Wohnungen gebucht werden aber ist auch separat buchbar.<\/p>\n<p>Das Zimmer verf\u00fcgt \u00fcber eine Diele, Schlafzimmer mit 2 Einzelbetten, Badezimmer mit Dusche, Waschbecken und F\u00f6hn, separates WC. Keine K\u00fcche vorhanden!<\/p>\n<p>Bettw\u00e4sche und Handt\u00fccher sind im Preis inbegriffen.<\/p>\n<p>Parkplatz zur Verf\u00fcgung.<\/p>\n<p>Haustiere sind nicht erlaubt.<\/p>\n<div id='gallery-1' class='gallery galleryid-2200 gallery-columns-3 gallery-size-thumbnail'><figure class='gallery-item'>\n\t\t\t<div class='gallery-icon landscape'>\n\t\t\t\t<a href='https:\/\/www.holzereck.com\/wp-content\/uploads\/2020\/07\/IMG_3695.jpg' rel=\"lightbox[2200]\"><img loading=\"lazy\" decoding=\"async\" width=\"150\" height=\"150\" src=\"https:\/\/www.holzereck.com\/wp-content\/uploads\/2020\/07\/IMG_3695-150x150.jpg\" class=\"attachment-thumbnail size-thumbnail\" alt=\"\" srcset=\"https:\/\/www.holzereck.com\/wp-content\/uploads\/2020\/07\/IMG_3695-150x150.jpg 150w, https:\/\/www.holzereck.com\/wp-content\/uploads\/2020\/07\/IMG_3695-100x100.jpg 100w\" sizes=\"100vw\" \/><\/a>\n\t\t\t<\/div><\/figure><figure class='gallery-item'>\n\t\t\t<div class='gallery-icon landscape'>\n\t\t\t\t<a href='https:\/\/www.holzereck.com\/wp-content\/uploads\/2020\/07\/IMG_3698.jpg' rel=\"lightbox[2200]\"><img loading=\"lazy\" decoding=\"async\" width=\"150\" height=\"150\" src=\"https:\/\/www.holzereck.com\/wp-content\/uploads\/2020\/07\/IMG_3698-150x150.jpg\" class=\"attachment-thumbnail size-thumbnail\" alt=\"\" srcset=\"https:\/\/www.holzereck.com\/wp-content\/uploads\/2020\/07\/IMG_3698-150x150.jpg 150w, https:\/\/www.holzereck.com\/wp-content\/uploads\/2020\/07\/IMG_3698-100x100.jpg 100w\" sizes=\"100vw\" \/><\/a>\n\t\t\t<\/div><\/figure><figure class='gallery-item'>\n\t\t\t<div class='gallery-icon landscape'>\n\t\t\t\t<a href='https:\/\/www.holzereck.com\/wp-content\/uploads\/2020\/07\/IMG_3696.jpg' rel=\"lightbox[2200]\"><img loading=\"lazy\" decoding=\"async\" width=\"150\" height=\"150\" src=\"https:\/\/www.holzereck.com\/wp-content\/uploads\/2020\/07\/IMG_3696-150x150.jpg\" class=\"attachment-thumbnail size-thumbnail\" alt=\"\" srcset=\"https:\/\/www.holzereck.com\/wp-content\/uploads\/2020\/07\/IMG_3696-150x150.jpg 150w, https:\/\/www.holzereck.com\/wp-content\/uploads\/2020\/07\/IMG_3696-100x100.jpg 100w\" sizes=\"100vw\" \/><\/a>\n\t\t\t<\/div><\/figure><figure class='gallery-item'>\n\t\t\t<div class='gallery-icon landscape'>\n\t\t\t\t<a href='https:\/\/www.holzereck.com\/wp-content\/uploads\/2020\/07\/IMG_3700.jpg' rel=\"lightbox[2200]\"><img loading=\"lazy\" decoding=\"async\" width=\"150\" height=\"150\" src=\"https:\/\/www.holzereck.com\/wp-content\/uploads\/2020\/07\/IMG_3700-150x150.jpg\" class=\"attachment-thumbnail size-thumbnail\" alt=\"\" srcset=\"https:\/\/www.holzereck.com\/wp-content\/uploads\/2020\/07\/IMG_3700-150x150.jpg 150w, https:\/\/www.holzereck.com\/wp-content\/uploads\/2020\/07\/IMG_3700-100x100.jpg 100w\" sizes=\"100vw\" \/><\/a>\n\t\t\t<\/div><\/figure><figure class='gallery-item'>\n\t\t\t<div class='gallery-icon landscape'>\n\t\t\t\t<a href='https:\/\/www.holzereck.com\/wp-content\/uploads\/2020\/07\/IMG_3702.jpg' rel=\"lightbox[2200]\"><img loading=\"lazy\" decoding=\"async\" width=\"150\" height=\"150\" src=\"https:\/\/www.holzereck.com\/wp-content\/uploads\/2020\/07\/IMG_3702-150x150.jpg\" class=\"attachment-thumbnail size-thumbnail\" alt=\"\" srcset=\"https:\/\/www.holzereck.com\/wp-content\/uploads\/2020\/07\/IMG_3702-150x150.jpg 150w, https:\/\/www.holzereck.com\/wp-content\/uploads\/2020\/07\/IMG_3702-100x100.jpg 100w\" sizes=\"100vw\" \/><\/a>\n\t\t\t<\/div><\/figure><figure class='gallery-item'>\n\t\t\t<div class='gallery-icon landscape'>\n\t\t\t\t<a href='https:\/\/www.holzereck.com\/wp-content\/uploads\/2020\/07\/IMG_3703.jpg' rel=\"lightbox[2200]\"><img loading=\"lazy\" decoding=\"async\" width=\"150\" height=\"150\" src=\"https:\/\/www.holzereck.com\/wp-content\/uploads\/2020\/07\/IMG_3703-150x150.jpg\" class=\"attachment-thumbnail size-thumbnail\" alt=\"\" srcset=\"https:\/\/www.holzereck.com\/wp-content\/uploads\/2020\/07\/IMG_3703-150x150.jpg 150w, https:\/\/www.holzereck.com\/wp-content\/uploads\/2020\/07\/IMG_3703-100x100.jpg 100w\" sizes=\"100vw\" \/><\/a>\n\t\t\t<\/div><\/figure><figure class='gallery-item'>\n\t\t\t<div class='gallery-icon portrait'>\n\t\t\t\t<a href='https:\/\/www.holzereck.com\/wp-content\/uploads\/2020\/07\/IMG_07202.jpg' rel=\"lightbox[2200]\"><img loading=\"lazy\" decoding=\"async\" width=\"150\" height=\"150\" src=\"https:\/\/www.holzereck.com\/wp-content\/uploads\/2020\/07\/IMG_07202-150x150.jpg\" class=\"attachment-thumbnail size-thumbnail\" alt=\"\" srcset=\"https:\/\/www.holzereck.com\/wp-content\/uploads\/2020\/07\/IMG_07202-150x150.jpg 150w, https:\/\/www.holzereck.com\/wp-content\/uploads\/2020\/07\/IMG_07202-100x100.jpg 100w\" sizes=\"100vw\" \/><\/a>\n\t\t\t<\/div><\/figure><figure class='gallery-item'>\n\t\t\t<div class='gallery-icon portrait'>\n\t\t\t\t<a href='https:\/\/www.holzereck.com\/wp-content\/uploads\/2020\/07\/IMG_12362.jpg' rel=\"lightbox[2200]\"><img loading=\"lazy\" decoding=\"async\" width=\"150\" height=\"150\" src=\"https:\/\/www.holzereck.com\/wp-content\/uploads\/2020\/07\/IMG_12362-150x150.jpg\" class=\"attachment-thumbnail size-thumbnail\" alt=\"\" srcset=\"https:\/\/www.holzereck.com\/wp-content\/uploads\/2020\/07\/IMG_12362-150x150.jpg 150w, https:\/\/www.holzereck.com\/wp-content\/uploads\/2020\/07\/IMG_12362-100x100.jpg 100w\" sizes=\"100vw\" \/><\/a>\n\t\t\t<\/div><\/figure>\n\t\t<\/div>\n\n","protected":false},"excerpt":{"rendered":"<p>Zus\u00e4tzlich vermieten wir auch ein 1-2 Pers Zimmer (Zugspitze) von ca. 18m\u00b2 ohne Verpflegung. Das Zimmer kann wie 2. Schlafzimmer zu den Wohnungen gebucht werden aber ist auch separat buchbar. Das Zimmer verf\u00fcgt \u00fcber eine Diele, Schlafzimmer mit 2 Einzelbetten, Badezimmer mit Dusche, Waschbecken und F\u00f6hn, separates WC. Keine K\u00fcche vorhanden! Bettw\u00e4sche und Handt\u00fccher sind &hellip; <\/p>\n<p class=\"link-more\"><a href=\"https:\/\/www.holzereck.com\/?page_id=2200&#038;lang=de\" class=\"more-link\">Lees verder <span class=\"screen-reader-text\">&#8220;1-2 Pers Zimmer&#8221;<\/span><\/a><\/p>\n","protected":false},"author":1,"featured_media":0,"parent":0,"menu_order":0,"comment_status":"closed","ping_status":"closed","template":"","meta":{"ngg_post_thumbnail":0,"footnotes":""},"class_list":["post-2200","page","type-page","status-publish","hentry"],"_links":{"self":[{"href":"https:\/\/www.holzereck.com\/index.php?rest_route=\/wp\/v2\/pages\/2200"}],"collection":[{"href":"https:\/\/www.holzereck.com\/index.php?rest_route=\/wp\/v2\/pages"}],"about":[{"href":"https:\/\/www.holzereck.com\/index.php?rest_route=\/wp\/v2\/types\/page"}],"author":[{"embeddable":true,"href":"https:\/\/www.holzereck.com\/index.php?rest_route=\/wp\/v2\/users\/1"}],"replies":[{"embeddable":true,"href":"https:\/\/www.holzereck.com\/index.php?rest_route=%2Fwp%2Fv2%2Fcomments&post=2200"}],"version-history":[{"count":4,"href":"https:\/\/www.holzereck.com\/index.php?rest_route=\/wp\/v2\/pages\/2200\/revisions"}],"predecessor-version":[{"id":7647,"href":"https:\/\/www.holzereck.com\/index.php?rest_route=\/wp\/v2\/pages\/2200\/revisions\/7647"}],"wp:attachment":[{"href":"https:\/\/www.holzereck.com\/index.php?rest_route=%2Fwp%2Fv2%2Fmedia&parent=2200"}],"curies":[{"name":"wp","href":"https:\/\/api.w.org\/{rel}","templated":true}]}}